*t - n + 132 = -0*t, t - r*n - 16 = 0. What is the tens digit of t?
3
Let z be (-8 + 7)/(2/4). Let v be z/6 - (-26)/6. Suppose 0*k + v*k - 140 = 0. What is the tens digit of k?
3
Suppose -87*l = -112*l + 107775. What is the units digit of l?
1
Let u be (-1 + 9/6)*398. What is the tens digit of u/4 - 1/(-4)?
5
Let w be ((-2)/7)/((-2)/(84/3)). Suppose 2*j = 0, -w*p - 5*j + 62 = -54. What is the tens digit of p?
2
Suppose -2*r + 3*j + 60 + 69 = 0, 4*j + 191 = 3*r. What is the units digit of r?
7
Let j = -1898 - -2773. What is the units digit of j?
5
Let l = -56 + -35. Let p = l - -155. What is the tens digit of p?
6
Let w be ((-8)/(-6))/(3/(-18)). What is the units digit of w/20 + (-277)/(-5)?
5
Suppose 57 = -0*z + 3*z. Suppose -22*j + 23*j - z = 0. What is the units digit of j?
9
Let s be (-4)/2 + (-1 - 17). What is the units digit of (12/(28/s - -1))/(-1)?
0
Suppose -99 - 347 = -2*u. Suppose u = 3*v + n + 3*n, -n = v - 75. What is the tens digit of v?
7
Let d = -239 - -291. What is the tens digit of d?
5
Suppose -1698*o = -1685*o - 24401. What is the units digit of o?
7
Let v = 11 + -9. Suppose -3*j + 250 = v*j. What is the tens digit of j?
5
Suppose -t = -2*h - 23 + 3, 0 = -3*t + 2*h + 44. Let w = 0 - 4. What is the units digit of w/(-6)*t - 4?
4
Let x be 34/3 - (-2)/(-6). Let q(z) = z - 9. Let b be q(x). Let l = b + 8. What is the units digit of l?
0
Let n(t) = 6*t - 3. Let c be n(3). Let o = c + -11. Let m(a) = a**3 - 2*a**2 - 6*a + 5. What is the units digit of m(o)?
3
Let b = -13 + 7. Let l be 31/(-3) - b/(-9). Let t(x) = x**3 + 10*x**2 - 13*x + 5. What is the units digit of t(l)?
7
Let y(u) be the first derivative of -u**5/60 + 7*u**4/12 - 7*u**3/6 - 4*u**2 + 8. Let r(f) be the second derivative of y(f). What is the tens digit of r(6)?
4
Suppose -3*x = -38 - 16. Let h = x + 95. What is the hundreds digit of h?
1
Let t = 1305 - 689. What is the hundreds digit of t?
6
Suppose 54 = -0*v + 6*v. Suppose -831 - 1608 = -v*t. What is the hundreds digit of t?
2
Let o be 187/3 + 2/(-6). Let b = -104 + o. Let j = -1 - b. What is the tens digit of j?
4
Let f(g) = g - 9. Suppose -6 = 2*x, 0 = -4*d - 5*x + 35 - 6. Let o be f(d). Let q(n) = 7*n**2 - 3. What is the tens digit of q(o)?
2
Let w = -518 - -584. Let y(n) = 4*n**3 + n**2 + 1. Let u be y(2). Let t = w - u. What is the units digit of t?
9
Let v = 65 + -40. Suppose -5*m = 6*u - u - v, -4 = -u. What is the tens digit of m/((-96)/33 - -3)?
1
What is the tens digit of (1150/200)/(-1 - 73/(-72))?
1
Let x be ((-8)/(-2))/((-16)/(-12)). Let h = 14 - x. Suppose -c + 37 = -h. What is the tens digit of c?
4
Let i = -3721 - -5334. What is the tens digit of i?
1
Suppose -4*o - 1069 = -41. Let a = o - -456. What is the units digit of a?
9
Suppose -10*a = 3*a - 26039. What is the hundreds digit of a?
0
Suppose 44*z - 57*z + 4589 = 0. What is the tens digit of z?
5
Suppose 0 = -30*d + 27*d + 3. What is the tens digit of (178/(1/d))/(2/1)?
8
Let l(d) = 5 + 0 - 33*d + 4. What is the hundreds digit of l(-3)?
1
Suppose 12 = -5*g + 3*x, 4*x = -3*g + x + 12. Let w(p) = 5*p - 36. Let d(l) = l - 1. Let u(j) = 6*d(j) - w(j). What is the units digit of u(g)?
0
Let r = 1119 + -275. What is the hundreds digit of r?
8
Let t be (30/40)/(1/4). Suppose -18 = -t*o + 141. What is the tens digit of o?
5
Suppose 0 = 13*i - 10*i - 2706. Suppose 4*o + 0*b - 2*b = i, -4*b = o - 212. Suppose 4*x = -0*x + o. What is the tens digit of x?
5
Let x be (-72)/(-21) - 4 - (-176)/14. What is the units digit of (-2)/(-1 - -3 - x/5)?
5
Suppose -4*z + 9260 = 4*i, 5*i - 10*i + 2*z = -11561. What is the thousands digit of i?
2
What is the hundreds digit of 20/65 - (-186372)/156?
1
Let v = -6 + 4. Let m = 5 + v. What is the tens digit of 21 - (m + 0 + -1)?
1
Let j(q) = 37*q + 25. Let m be j(5). Let a = m - 13. What is the tens digit of a?
9
Let u(r) = 7*r + 17. Suppose 3*w + k = 10, 0*w = -5*w - 2*k + 15. What is the units digit of u(w)?
2
Let k = 417 - 424. Let n = -32 - -67. What is the tens digit of 1945/n - 3/k?
5
Let m(l) = -l**3 - 8*l**2 - 8. Let n be m(-8). Let s be (-7)/(-1*(-3)/207). What is the tens digit of n/52 + s/(-13)?
3
What is the tens digit of (4 - (3 + (-560)/(-12)))*-3?
3
Suppose -54 - 34 = -4*c. Suppose 5*f - 31 = f + 3*w, 6 = -f - 2*w. Suppose c = f*q - 26. What is the units digit of q?
2
Let a = 10 + 320. What is the hundreds digit of a?
3
Let b be (20/8)/(1/2). Suppose -b*i = -165 + 35. What is the units digit of i?
6
Let j(l) = 5*l**3 - l**2 + 3*l - 4. What is the hundreds digit of j(4)?
3
Let s = 684 - 436. Suppose 3*c - b = -0*c + 752, 0 = -c + b + s. Suppose -5*m - 2 = -c. What is the units digit of m?
0
What is the units digit of -7 - -9 - 280*14/(-4)?
2
Let b(z) be the first derivative of 4 + 3/2*z**2 + 0*z**3 - 15/2*z**4 + 2*z. What is the units digit of b(-1)?
9
Let i = -15 + 2. Let q = i + 10. Let l(p) = -2*p + 7. What is the units digit of l(q)?
3
Let v be 60 - (-4 + 3 - -5). What is the units digit of 8 + -5 + v*3?
1
Suppose 6*z = 10*z + 204. What is the units digit of -3*3/27*z?
7
Suppose 75*p - 70*p - 3890 = 0. What is the tens digit of p?
7
Suppose 2*x = 100 + 560. What is the units digit of x?
0
Let m(l) = -5*l**3 - 1 + l**2 + 11*l**2 - 10*l**2. Let i be m(1). What is the tens digit of (-17)/((-21)/(-6) + i)?
3
Suppose 52*a = 54*a - 486. What is the tens digit of a?
4
Let k be -3 + (-11)/(-3) + (-6)/9. Suppose -3*g + 174 - 36 = k. What is the units digit of g?
6
Suppose 396*i - 420*i = -70368. What is the units digit of i?
2
Let x(p) = 11*p - 1. Suppose -3*m = -k - 20, 4*m - k - 10 = -3*k. Let t = -4 + m. What is the units digit of x(t)?
0
Let o be 2/(-5) + 5772/30. Suppose 4*n = 4*v + 16, -5*v = -2*v - n + 4. Suppose -4*i + z + 217 = v, -o - 30 = -4*i + 2*z. What is the tens digit of i?
5
Let g = 242 - -150. Suppose 5*i - g = 773. What is the units digit of i?
3
Let n be (31*3)/(24/(-16)). Let y = 136 + n. What is the units digit of (-14)/(-28) + y/4?
9
Suppose -3*y + 704 = -82. Let w = -187 + y. What is the units digit of w?
5
Let w(m) = -3*m + 3. Let g be w(2). What is the units digit of (-2 - -2)/g + 45*1?
5
Let d(a) = -2*a**2 - 2*a + 3. Let y be 27/6*(-4)/6. Let w be d(y). What is the units digit of (30/w - -3)*-12?
4
Let i(u) = -u**3 - 18*u**2 + 53*u - 14. What is the tens digit of i(-21)?
9
Let u be -5 - ((-4)/6)/((-2)/3). What is the units digit of (u/(-36) - 317/(-6)) + -3?
0
Suppose 16*l = -9*l + 23400. What is the tens digit of l?
3
Let a be 3/(-4) + (-31)/(-4). Let h(r) = 0*r + a*r**2 - 4*r**3 - 3 + 3*r + 3*r**3 + 10. What is the tens digit of h(7)?
2
Let t = 7 + 108. Let u = t + -71. What is the tens digit of u?
4
Suppose -3*h - 5*z - 593 + 3491 = 0, -5*z - 3899 = -4*h. What is the hundreds digit of h?
9
Let d = -2 + -14. Let k = -26 - d. What is the units digit of (k/25)/(2/(-240))?
8
Suppose 2370 + 1550 = 14*w. What is the hundreds digit of w?
2
Let k = 13 - 6. Suppose k*s - 800 = 3*s. Suppose -7*d + 3*d + s = 0. What is the tens digit of d?
5
Let w = 561 + -345. What is the tens digit of w?
1
Let v(c) = -29*c - 7. Let x(g) = 1. Let u(b) = -v(b) - 2*x(b). What is the units digit of u(2)?
3
Suppose -q + 2 = -2. Let k = 1 + q. Suppose k*n - 90 = 25. What is the units digit of n?
3
Let r(t) = -2*t + 63. Suppose 2 = z + 3*s, 0*z - z + 5*s = -2. Suppose -n = 4*l - 20, -2*n - z*l + 10 = n. What is the tens digit of r(n)?
6
Let s(a) = -a - 3. Suppose 34 + 30 = -8*b. Let q be s(b). Suppose -q*o + 180 = -2*o. What is the units digit of o?
0
Let d(x) = 45*x**2 + 41*x + 6. What is the hundreds digit of d(-5)?
9
Suppose -2*n + 16 = -4*n. Let k be (7 + n)/(1/(-165)). Suppose 4*m = m + k. What is the tens digit of m?
5
Suppose 24 = -54*a + 60*a. What is the tens digit of a/(-10) - 22*63/(-15)?
9
Suppose -d - 5*d + 18 = 0. What is the units digit of d + 46 + -3 - 3?
3
Let s = -29 - -18. Let y = 18 + s. Let n = 19 - y. What is the units digit of n?
2
Let j be -16*((-102)/24 - -5). Suppose -f - 124 = -3*f. Let a = f + j. What is the units digit of a?
0
Let d be 1 - (-6)/(-12)*-10. Let f = 7 - 0. Let k = d + f. What is the units digit of k?
3
Suppose -546*l = -551*l + 2785. What is the tens digit of l?
5
Let j(v) = v - 7. Let i be j(12). Suppose i*d + 0 = 20. Suppose 5*y = -n + 104, y - d*n = -n + 8. What is 